{"id":1044,"date":"2025-09-30T20:12:00","date_gmt":"2025-10-01T01:12:00","guid":{"rendered":"http:\/\/200.6.25.122:8080\/?page_id=1044"},"modified":"2025-11-26T14:28:30","modified_gmt":"2025-11-26T19:28:30","slug":"resena-historica","status":"publish","type":"page","link":"https:\/\/www.dirmov.mil.ec\/?page_id=1044","title":{"rendered":"Rese\u00f1a Hist\u00f3rica &#8211; Servicio Militar"},"content":{"rendered":"\t\t<div data-elementor-type=\"wp-page\" data-elementor-id=\"1044\" class=\"elementor elementor-1044\" data-elementor-post-type=\"page\">\n\t\t\t\t<div class=\"elementor-element elementor-element-4acb14f4 e-con-full e-flex e-con e-parent\" data-id=\"4acb14f4\" data-element_type=\"container\" data-e-type=\"container\" data-settings=\"{&quot;background_background&quot;:&quot;video&quot;,&quot;background_video_link&quot;:&quot;http:\\\/\\\/200.6.25.122:8080\\\/wp-content\\\/uploads\\\/2025\\\/10\\\/video_acuartelamiento.mp4&quot;,&quot;background_play_on_mobile&quot;:&quot;yes&quot;}\">\n\t\t<div class=\"elementor-background-video-container\">\n\t\t\t\t\t\t\t<video class=\"elementor-background-video-hosted\" role=\"presentation\" autoplay muted playsinline loop><\/video>\n\t\t\t\t\t<\/div>\t\t<\/div>\n\t\t\t\t<section class=\"elementor-section elementor-top-section elementor-element elementor-element-476e1dc elementor-section-boxed elementor-section-height-default elementor-section-height-default\" data-id=\"476e1dc\" data-element_type=\"section\" data-e-type=\"section\" data-settings=\"{&quot;background_background&quot;:&quot;classic&quot;}\">\n\t\t\t\t\t\t<div class=\"elementor-container elementor-column-gap-wider\">\n\t\t\t\t\t<div class=\"elementor-column elementor-col-33 elementor-top-column elementor-element elementor-element-b8a75a1\" data-id=\"b8a75a1\" data-element_type=\"column\" data-e-type=\"column\">\n\t\t\t<div class=\"elementor-widget-wrap elementor-element-populated\">\n\t\t\t\t\t\t<div class=\"elementor-element elementor-element-4fbb828 elementor-widget__width-auto elementor-widget-mobile__width-inherit animated-fast de_scroll_animation_no elementor-invisible elementor-widget elementor-widget-heading\" data-id=\"4fbb828\" data-element_type=\"widget\" data-e-type=\"widget\" data-settings=\"{&quot;_animation&quot;:&quot;fadeIn&quot;,&quot;_animation_delay&quot;:480}\" data-widget_type=\"heading.default\">\n\t\t\t\t\t<div class=\"elementor-heading-title elementor-size-default\">Rese\u00f1a Hist\u00f3rica<\/div>\t\t\t\t<\/div>\n\t\t\t\t<div class=\"elementor-element elementor-element-c8b0647 de_scroll_animation_no elementor-invisible elementor-widget elementor-widget-heading\" data-id=\"c8b0647\" data-element_type=\"widget\" data-e-type=\"widget\" data-settings=\"{&quot;_animation&quot;:&quot;fadeInUp&quot;}\" data-widget_type=\"heading.default\">\n\t\t\t\t\t<h2 class=\"elementor-heading-title elementor-size-default\">Servicio Militar: Rese\u00f1a Hist\u00f3rica<\/h2>\t\t\t\t<\/div>\n\t\t\t\t<div class=\"elementor-element elementor-element-3fee1d7 de_scroll_animation_no elementor-widget elementor-widget-text-editor\" data-id=\"3fee1d7\" data-element_type=\"widget\" data-e-type=\"widget\" data-widget_type=\"text-editor.default\">\n\t\t\t\t\t\t\t\t\t<p style=\"text-align: justify;\">El 14 de agosto de 1830, la Primera Asamblea Constituyente, en Riobamba, crea la Rep\u00fablica del Ecuador y fue el segundo Presidente, el ecuatoriano Vicente Rocafuerte, quien expidi\u00f3 el primer decreto sobre el Servicio Militar, el 28 de agosto de 1835, bajo el t\u00edtulo \u201cDECRETO QUE ARREGLA LA MILICIA DEL ESTADO\u201d.\n\nEl Ej\u00e9rcito Nacional de 1830, tuvo en su personal un componente de internacionalismo inevitable, era natural las campa\u00f1as guerreras de Bol\u00edvar por la independencia de cinco naciones;\u00a0 se ejecutaron con un ej\u00e9rcito reclutado de todas ellas, tuvo que llegar el 06 de marzo de 1845 para que un levantamiento de car\u00e1cter nacionalista terminara con la dominaci\u00f3n extranjera del General Flores y de sus compatriotas venezolanos.\n\nEntre los a\u00f1os de 1858 y 1863, el Ecuador atraviesa por un per\u00edodo de suprema confusi\u00f3n pol\u00edtica originada por las ambiciones personales del poder y por una suma pobreza, causada en gran parte, por el peso insoportable de la deuda inglesa contra\u00edda en la guerra de la independencia al separarse de la Gran Colombia.\t\t\t\t\t\t\t\t<\/div>\n\t\t\t\t<div class=\"elementor-element elementor-element-1dab55d de_scroll_animation_no elementor-widget elementor-widget-image\" data-id=\"1dab55d\" data-element_type=\"widget\" data-e-type=\"widget\" data-widget_type=\"image.default\">\n\t\t\t\t\t\t\t\t\t\t\t\t\t\t\t<img fetchpriority=\"high\" decoding=\"async\" width=\"800\" height=\"533\" src=\"https:\/\/www.dirmov.mil.ec\/wp-content\/uploads\/2025\/10\/IMG-20251008-WA0152-1024x682.jpg\" class=\"attachment-large size-large wp-image-2410\" alt=\"\" srcset=\"https:\/\/www.dirmov.mil.ec\/wp-content\/uploads\/2025\/10\/IMG-20251008-WA0152-1024x682.jpg 1024w, https:\/\/www.dirmov.mil.ec\/wp-content\/uploads\/2025\/10\/IMG-20251008-WA0152-300x200.jpg 300w, https:\/\/www.dirmov.mil.ec\/wp-content\/uploads\/2025\/10\/IMG-20251008-WA0152-768x512.jpg 768w, https:\/\/www.dirmov.mil.ec\/wp-content\/uploads\/2025\/10\/IMG-20251008-WA0152-1536x1023.jpg 1536w, https:\/\/www.dirmov.mil.ec\/wp-content\/uploads\/2025\/10\/IMG-20251008-WA0152-18x12.jpg 18w, https:\/\/www.dirmov.mil.ec\/wp-content\/uploads\/2025\/10\/IMG-20251008-WA0152.jpg 1600w\" sizes=\"(max-width: 800px) 100vw, 800px\" \/>\t\t\t\t\t\t\t\t\t\t\t\t\t\t\t<\/div>\n\t\t\t\t<div class=\"elementor-element elementor-element-25c63c0 de_scroll_animation_no elementor-widget elementor-widget-text-editor\" data-id=\"25c63c0\" data-element_type=\"widget\" data-e-type=\"widget\" data-widget_type=\"text-editor.default\">\n\t\t\t\t\t\t\t\t\t<p style=\"text-align: justify;\">La Junta Nacional de Gobierno 1963-1966 mediante decreto ejecutivo No. 2871 puso en vigencia la Ley de Seguridad Nacional el 15 de diciembre de 1964, ley que fue reformada en 1966, entre cuyas reformas consta la del art\u00edculo 63 que dispone \u201cLa Movilizaci\u00f3n del frente militar ser\u00e1 planificada y regulada por la Direcci\u00f3n de Movilizaci\u00f3n del Estado Mayor de la Fuerzas Armadas\u201d.\n\nEn la Ley del Servicio Militar y Trabajo Obligatorio de las FF.AA,\u00a0 del 14 de marzo de 1966, en el Art. 38 se determina que la Direcci\u00f3n de Movilizaci\u00f3n del Estado Mayor General de las FF.AA es el organismo responsable de la aplicaci\u00f3n de la ley.\t\t\t\t\t\t\t\t<\/div>\n\t\t\t\t\t<\/div>\n\t\t<\/div>\n\t\t\t\t<div class=\"elementor-column elementor-col-33 elementor-top-column elementor-element elementor-element-b0bcfe8\" data-id=\"b0bcfe8\" data-element_type=\"column\" data-e-type=\"column\">\n\t\t\t<div class=\"elementor-widget-wrap\">\n\t\t\t\t\t\t\t<\/div>\n\t\t<\/div>\n\t\t\t\t<div class=\"elementor-column elementor-col-33 elementor-top-column elementor-element elementor-element-785773c\" data-id=\"785773c\" data-element_type=\"column\" data-e-type=\"column\">\n\t\t\t<div class=\"elementor-widget-wrap elementor-element-populated\">\n\t\t\t\t\t\t<div class=\"elementor-element elementor-element-527df0d de_scroll_animation_no elementor-widget elementor-widget-image\" data-id=\"527df0d\" data-element_type=\"widget\" data-e-type=\"widget\" data-widget_type=\"image.default\">\n\t\t\t\t\t\t\t\t\t\t\t\t\t\t\t<img decoding=\"async\" width=\"800\" height=\"702\" src=\"https:\/\/www.dirmov.mil.ec\/wp-content\/uploads\/2025\/10\/RESENA_HISTORICA_SERVICIO_MILITAR-1024x898.jpg\" class=\"attachment-large size-large wp-image-2479\" alt=\"\" srcset=\"https:\/\/www.dirmov.mil.ec\/wp-content\/uploads\/2025\/10\/RESENA_HISTORICA_SERVICIO_MILITAR-1024x898.jpg 1024w, https:\/\/www.dirmov.mil.ec\/wp-content\/uploads\/2025\/10\/RESENA_HISTORICA_SERVICIO_MILITAR-300x263.jpg 300w, https:\/\/www.dirmov.mil.ec\/wp-content\/uploads\/2025\/10\/RESENA_HISTORICA_SERVICIO_MILITAR-768x673.jpg 768w, https:\/\/www.dirmov.mil.ec\/wp-content\/uploads\/2025\/10\/RESENA_HISTORICA_SERVICIO_MILITAR-1536x1347.jpg 1536w, https:\/\/www.dirmov.mil.ec\/wp-content\/uploads\/2025\/10\/RESENA_HISTORICA_SERVICIO_MILITAR-2048x1796.jpg 2048w, https:\/\/www.dirmov.mil.ec\/wp-content\/uploads\/2025\/10\/RESENA_HISTORICA_SERVICIO_MILITAR-14x12.jpg 14w\" sizes=\"(max-width: 800px) 100vw, 800px\" \/>\t\t\t\t\t\t\t\t\t\t\t\t\t\t\t<\/div>\n\t\t\t\t<div class=\"elementor-element elementor-element-f2381fb de_scroll_animation_no elementor-widget elementor-widget-text-editor\" data-id=\"f2381fb\" data-element_type=\"widget\" data-e-type=\"widget\" data-widget_type=\"text-editor.default\">\n\t\t\t\t\t\t\t\t\t<p style=\"text-align: justify;\">El Ecuador trat\u00f3 de pagar con tierras bald\u00edas del oriente al gobierno brit\u00e1nico, el Per\u00fa hall\u00f3 pretexto para alegar, sin raz\u00f3n, que las tierras adjudicadas le pertenec\u00edan. Durante los meses de junio y julio de 1858 se aceler\u00f3 el reclutamiento de hombres en armas en el Ecuador, ante la amenaza peruana de una guerra abierta.\n\nEl 7 de abril de 1837 el Senado y la C\u00e1mara de Representantes de la Rep\u00fablica del Ecuador, reunidos en Congreso, expidieron una Ley sobre el \u201cEjercicio de la Conscripci\u00f3n\u201d.\n\nSe afirma que desde aquel a\u00f1o existi\u00f3 la norma legal para lo que hoy llamamos SERVICIO MILITAR OBLIGATORIO O CONSCRIPCI\u00d3N MILITAR. En esa misma norma se instituye tambi\u00e9n que en el citado org\u00e1nico del Ej\u00e9rcito, se establezca que \u201cLas Fuerzas Armadas se dividen en Terrestre y Mar\u00edtima y la Fuerza Terrestre se divide en EJ\u00c9RCITO PERMANENTE Y MILICIA NACIONAL.\n\nDesde que se inici\u00f3 en el pa\u00eds el cumplimiento de la Ley de Servicio Militar Obligatorio, entre 1934 y 1935, las tareas de reclutamiento del personal de ciudadanos que deb\u00edan cumplir la conscripci\u00f3n se planificaban en el primer departamento de la Comandancia General del Ej\u00e9rcito, y se ejecutaban por medio de las juntas de calificaci\u00f3n, sorteo y destinaci\u00f3n que funcionaban en las capitales de cada provincia del pa\u00eds.\t\t\t\t\t\t\t\t<\/div>\n\t\t\t\t<div class=\"elementor-element elementor-element-0206a94 de_scroll_animation_no elementor-widget elementor-widget-image\" data-id=\"0206a94\" data-element_type=\"widget\" data-e-type=\"widget\" data-widget_type=\"image.default\">\n\t\t\t\t\t\t\t\t\t\t\t\t\t\t\t<img decoding=\"async\" width=\"800\" height=\"533\" src=\"https:\/\/www.dirmov.mil.ec\/wp-content\/uploads\/2025\/10\/IMG-20251008-WA0099-1024x682.jpg\" class=\"attachment-large size-large wp-image-2402\" alt=\"\" srcset=\"https:\/\/www.dirmov.mil.ec\/wp-content\/uploads\/2025\/10\/IMG-20251008-WA0099-1024x682.jpg 1024w, https:\/\/www.dirmov.mil.ec\/wp-content\/uploads\/2025\/10\/IMG-20251008-WA0099-300x200.jpg 300w, https:\/\/www.dirmov.mil.ec\/wp-content\/uploads\/2025\/10\/IMG-20251008-WA0099-768x512.jpg 768w, https:\/\/www.dirmov.mil.ec\/wp-content\/uploads\/2025\/10\/IMG-20251008-WA0099-1536x1023.jpg 1536w, https:\/\/www.dirmov.mil.ec\/wp-content\/uploads\/2025\/10\/IMG-20251008-WA0099-18x12.jpg 18w, https:\/\/www.dirmov.mil.ec\/wp-content\/uploads\/2025\/10\/IMG-20251008-WA0099.jpg 1600w\" sizes=\"(max-width: 800px) 100vw, 800px\" \/>\t\t\t\t\t\t\t\t\t\t\t\t\t\t\t<\/div>\n\t\t\t\t<div class=\"elementor-element elementor-element-99932b0 de_scroll_animation_no elementor-widget elementor-widget-text-editor\" data-id=\"99932b0\" data-element_type=\"widget\" data-e-type=\"widget\" data-widget_type=\"text-editor.default\">\n\t\t\t\t\t\t\t\t\t<p style=\"text-align: justify;\">En la actualidad disponemos de La Ley de Servicio Militar Obligatorio la misma que consta en el registro oficial 527 del 15 de noviembre de 1994, donde se plasma el sentimiento c\u00edvico y el deber patri\u00f3tico de los ciudadanos ecuatorianos para cumplir con la Patria, y tiene la finalidad de normar y regular el Servicio Militar Obligatorio seg\u00fan las necesidades de la seguridad nacional y de conformidad con lo establecido en la Constituci\u00f3n Pol\u00edtica de la Rep\u00fablica del Ecuador, y se fundamenta en el deber ineludible de capacitarse y participar en las actividades relacionadas con la Defensa de la Naci\u00f3n, frente amenazas de cualquier origen o naturaleza; y, en las acciones tendientes a cooperar con el desarrollo del pa\u00eds.\t\t\t\t\t\t\t\t<\/div>\n\t\t\t\t\t<\/div>\n\t\t<\/div>\n\t\t\t\t\t<\/div>\n\t\t<\/section>\n\t\t\t\t<\/div>\n\t\t","protected":false},"excerpt":{"rendered":"<p>Rese\u00f1a Hist\u00f3rica Servicio Militar: Rese\u00f1a Hist\u00f3rica El 14 de agosto de 1830, la Primera Asamblea Constituyente, en Riobamba, crea la Rep\u00fablica del Ecuador y fue el segundo Presidente, el ecuatoriano [&hellip;]<\/p>\n<div class=\"pvc_clear\"><\/div>\n<p id=\"pvc_stats_1044\" class=\"pvc_stats all  \" data-element-id=\"1044\" style=\"\"><i class=\"pvc-stats-icon medium\" aria-hidden=\"true\"><svg xmlns=\"http:\/\/www.w3.org\/2000\/svg\" version=\"1.0\" viewBox=\"0 0 502 315\" preserveAspectRatio=\"xMidYMid meet\"><g transform=\"translate(0,332) scale(0.1,-0.1)\" fill=\"\" stroke=\"none\"><path d=\"M2394 3279 l-29 -30 -3 -207 c-2 -182 0 -211 15 -242 39 -76 157 -76 196 0 15 31 17 60 15 243 l-3 209 -33 29 c-26 23 -41 29 -80 29 -41 0 -53 -5 -78 -31z\"\/><path d=\"M3085 3251 c-45 -19 -58 -50 -96 -229 -47 -217 -49 -260 -13 -295 52 -53 146 -42 177 20 16 31 87 366 87 410 0 70 -86 122 -155 94z\"\/><path d=\"M1751 3234 c-13 -9 -29 -31 -37 -50 -12 -29 -10 -49 21 -204 19 -94 39 -189 45 -210 14 -50 54 -80 110 -80 34 0 48 6 76 34 21 21 34 44 34 59 0 14 -18 113 -40 219 -37 178 -43 195 -70 221 -36 32 -101 37 -139 11z\"\/><path d=\"M1163 3073 c-36 -7 -73 -59 -73 -102 0 -56 133 -378 171 -413 34 -32 83 -37 129 -13 70 36 67 87 -16 290 -86 209 -89 214 -129 231 -35 14 -42 15 -82 7z\"\/><path d=\"M3689 3066 c-15 -9 -33 -30 -42 -48 -48 -103 -147 -355 -147 -375 0 -98 131 -148 192 -74 13 15 57 108 97 206 80 196 84 226 37 273 -30 30 -99 39 -137 18z\"\/><path d=\"M583 2784 c-38 -19 -67 -74 -58 -113 9 -42 211 -354 242 -373 16 -10 45 -18 66 -18 51 0 107 52 107 100 0 39 -1 41 -124 234 -80 126 -108 162 -133 173 -41 17 -61 16 -100 -3z\"\/><path d=\"M4250 2784 c-14 -9 -74 -91 -133 -183 -95 -150 -107 -173 -107 -213 0 -55 33 -94 87 -104 67 -13 90 8 211 198 130 202 137 225 78 284 -27 27 -42 34 -72 34 -22 0 -50 -8 -64 -16z\"\/><path d=\"M2275 2693 c-553 -48 -1095 -270 -1585 -649 -135 -104 -459 -423 -483 -476 -23 -49 -22 -139 2 -186 73 -142 361 -457 571 -626 285 -228 642 -407 990 -497 242 -63 336 -73 660 -74 310 0 370 5 595 52 535 111 1045 392 1455 803 122 121 250 273 275 326 19 41 19 137 0 174 -41 79 -309 363 -465 492 -447 370 -946 591 -1479 653 -113 14 -422 18 -536 8z m395 -428 c171 -34 330 -124 456 -258 112 -119 167 -219 211 -378 27 -96 24 -300 -5 -401 -72 -255 -236 -447 -474 -557 -132 -62 -201 -76 -368 -76 -167 0 -236 14 -368 76 -213 98 -373 271 -451 485 -162 444 86 934 547 1084 153 49 292 57 452 25z m909 -232 c222 -123 408 -262 593 -441 76 -74 138 -139 138 -144 0 -16 -233 -242 -330 -319 -155 -123 -309 -223 -461 -299 l-81 -41 32 46 c18 26 49 83 70 128 143 306 141 649 -6 957 -25 52 -61 116 -79 142 l-34 47 45 -20 c26 -10 76 -36 113 -56z m-2057 25 c-40 -58 -105 -190 -130 -263 -110 -324 -59 -707 132 -981 25 -35 42 -64 37 -64 -19 0 -241 119 -326 174 -188 122 -406 314 -532 468 l-58 71 108 103 c185 178 428 349 672 473 66 33 121 60 123 61 2 0 -10 -19 -26 -42z\"\/><path d=\"M2375 1950 c-198 -44 -350 -190 -395 -379 -18 -76 -8 -221 19 -290 114 -284 457 -406 731 -260 98 52 188 154 231 260 27 69 37 214 19 290 -38 163 -166 304 -326 360 -67 23 -215 33 -279 19z\"\/><\/g><\/svg><\/i> <img loading=\"lazy\" decoding=\"async\" width=\"16\" height=\"16\" alt=\"Loading\" src=\"https:\/\/www.dirmov.mil.ec\/wp-content\/plugins\/page-views-count\/ajax-loader-2x.gif\" border=0 \/><\/p>\n<div class=\"pvc_clear\"><\/div>\n","protected":false},"author":3,"featured_media":0,"parent":0,"menu_order":0,"comment_status":"closed","ping_status":"closed","template":"","meta":{"_eb_attr":"","h5ap_radio_sources":[],"footnotes":""},"class_list":["post-1044","page","type-page","status-publish","hentry"],"_links":{"self":[{"href":"https:\/\/www.dirmov.mil.ec\/index.php?rest_route=\/wp\/v2\/pages\/1044","targetHints":{"allow":["GET"]}}],"collection":[{"href":"https:\/\/www.dirmov.mil.ec\/index.php?rest_route=\/wp\/v2\/pages"}],"about":[{"href":"https:\/\/www.dirmov.mil.ec\/index.php?rest_route=\/wp\/v2\/types\/page"}],"author":[{"embeddable":true,"href":"https:\/\/www.dirmov.mil.ec\/index.php?rest_route=\/wp\/v2\/users\/3"}],"replies":[{"embeddable":true,"href":"https:\/\/www.dirmov.mil.ec\/index.php?rest_route=%2Fwp%2Fv2%2Fcomments&post=1044"}],"version-history":[{"count":23,"href":"https:\/\/www.dirmov.mil.ec\/index.php?rest_route=\/wp\/v2\/pages\/1044\/revisions"}],"predecessor-version":[{"id":5243,"href":"https:\/\/www.dirmov.mil.ec\/index.php?rest_route=\/wp\/v2\/pages\/1044\/revisions\/5243"}],"wp:attachment":[{"href":"https:\/\/www.dirmov.mil.ec\/index.php?rest_route=%2Fwp%2Fv2%2Fmedia&parent=1044"}],"curies":[{"name":"wp","href":"https:\/\/api.w.org\/{rel}","templated":true}]}}